-1 + 0)*-1*7.
6
Suppose z - 192 = -5*z. Suppose 4*i - 53 - 15 = 0. Let f = 28 - i. What is the remainder when z is divided by f?
10
Let o(z) = -3*z + z**2 + 4*z - 2*z - 1. Suppose -4*d - d = 15. What is the remainder when 43 is divided by o(d)?
10
Suppose -4*a - 111 = -7*a. What is the remainder when a is divided by 19?
18
Suppose 2*q = q + 35. Let k(l) = l**2 - 18*l - 44. Calculate the remainder when q is divided by k(21).
16
Let b(k) = -k**3 + k**2 + k + 4. Suppose 0 = -5*a - 3*d + 30, -12 = -a - a + d. Calculate the remainder when a is divided by b(0).
2
Let d(o) = 3*o - 11. Let z be d(10). Suppose -3*p - h + z = 0, 2*p = -0*h + 3*h - 2. Let k = p - 3. What is the remainder when k is divided by 2?
0
Let w be (-5 - 0)/((-5)/(-10)). Let s = w + 20. Suppose -5*c + 90 = -0*r - 2*r, 0 = -5*r. Calculate the remainder when c is divided by s.
8
Let j = -435 - -489. Suppose 12 + 58 = 5*o. Calculate the remainder when j is divided by o.
12
Let v = -18 - -37. Suppose m - 4*m = y - v, -4*y + 41 = 5*m. Calculate the remainder when 2/5 - (-28)/m is divided by 4.
2
Suppose 5*v - 252 = 158. Suppose 3*t - v = 4*a + 80, 0 = 4*a. What is the remainder when t is divided by 14?
12
Suppose x = 5*x - 16. Let s be -3 + (-4 - -1) + 34. Suppose s = 5*j - 27. Calculate the remainder when j is divided by x.
3
Let q = -98 - -148. Calculate the remainder when q is divided by 7.
1
Suppose -2*h + 2 = -0*h. Let x = 53 + h. Calculate the remainder when x is divided by 14.
12
Let g = -23 + 27. Suppose -s = g*f + 2*s - 211, f - 24 = 5*s. Calculate the remainder when f is divided by 17.
15
Suppose 0 = -5*v - 541 - 309. Let l = v - 58. Calculate the remainder when 56 is divided by l/(-8)*(-4)/(-6).
18
Let j be 8/6*6/(-2). Let p = j + 11. Calculate the remainder when (3 - (5 + -3))*(5 + 8) is divided by p.
6
Let p = 48 + -26. Calculate the remainder when p is divided by 12.
10
Suppose -34 = 3*z - 211. Let y = -36 - -57. Suppose -19 - y = -2*v. Calculate the remainder when z is divided by v.
19
Let f(u) = -u + 3. Let o be f(0). Suppose -2*d - o*d - 4*j + 325 = 0, -3*d + 2*j + 195 = 0. Calculate the remainder when d is divided by 22.
21
Suppose -l = -5*l + 172. Calculate the remainder when l is divided by 26/(6/3) - -2.
13
Let c(i) = 3*i**3 - i**2. Let o be c(1). Calculate the remainder when o/1 + (2 - 2) is divided by (2*1/(-4))/(3/(-6)).
0
Let u(t) = -t**3 + 9*t**2 + 2*t - 11. Let l be u(9). Calculate the remainder when (-18)/42 - (-80)/l is divided by 4.
3
Let l = 7 + 40. Suppose 43 = -3*z + 4*p, -2*z - 2*p - 14 = -p. Let i = z - -25. Calculate the remainder when l is divided by i.
15
Suppose -2*d = -k - 13, 0 = -2*d + d - 2*k - 6. Suppose 0 = -a + 3*a + 5*j + 9, d*j = 2*a - 36. Calculate the remainder when a is divided by 3.
2
Let z be 44/12 + 1/3. Let k(x) = -x**3 + 4*x**2 - x + 4. Let o be k(z). Suppose 5*a = 3*i - 3, a + o*a = 0. What is the remainder when 2 is divided by i?
0
Let l(w) = -5*w. Let d be l(-4). Let k = -14 + d. Calculate the remainder when 11 is divided by k.
5
Suppose 0 = -5*q + 47 + 53. Calculate the remainder when q is divided by 2/9 + (-291)/(-27).
9
Suppose -17 = -3*l + 7. Let w = l - 8. Suppose w*o + 30 = 5*o. What is the remainder when 22 is divided by o?
4
Let k(u) = -u**2 - 28*u - 21. Calculate the remainder when 60 is divided by k(-26).
29
Let g = 6 - 2. Suppose -t - g*y = 12, -2*t + 3*y = t - 24. Calculate the remainder when 15 is divided by t.
3
Let s(i) = -i + i**2 - 2*i**2 + 7*i**2 + 6*i**2. Calculate the remainder when 21 is divided by s(1).
10
Suppose x - 115 = -4*x. Calculate the remainder when 89 is divided by x.
20
Let q(i) = -2*i + 2. Suppose -7*c + 12 = -4*c. What is the remainder when 3 - c/((-12)/129) is divided by q(-7)?
14
Let m(d) = d + 36. What is the remainder when m(21) is divided by 12?
9
Let v(a) be the second derivative of -a**3/6 + a**2 + 2*a. Let x be v(3). Calculate the remainder when 20 is divided by (-3 - -4)/(x/(-7)).
6
Let t(a) = a**3 + 7*a**2 + 5*a - 13. Let b be t(-7). What is the remainder when 41 is divided by (88/b)/((-1)/6)?
8
Let l = -15 - -9. Let b = -3 - l. Let a(z) = -z - 4. What is the remainder when a(-9) is divided by b?
2
Let o(h) be the first derivative of -h**3/3 + 11*h**2/2 - 2*h - 3. What is the remainder when o(7) is divided by 9?
8
Suppose -l + 33 + 119 = -2*x, -3*x = -2*l + 305. Calculate the remainder when l is divided by 13.
11
Let w be 0/1*2/(-4). Suppose -5*i = 0, -2*j + 2*i + 2*i + 12 = w. Let q(b) = 2*b**2 - 2*b - 2. Calculate the remainder when q(3) is divided by j.
4
Let n = -10 + 18. What is the remainder when 19 is divided by n?
3
Let b(k) = -5*k**3 + 5*k**2 + 4*k - 2. Let l(c) = -c**3 + c**2 + c. Let f(x) = -b(x) + 4*l(x). Calculate the remainder when f(0) is divided by 2*(-2)/(-1) - 2.
0
What is the remainder when 1/3 - (-968)/12 is divided by 21?
18
Let d(j) = -19*j**3 - j - 1. Suppose -4*c = 5*q - 36, 0*q + 5*q = 5*c. Calculate the remainder when d(-1) is divided by q.
3
Calculate the remainder when 45 is divided by 3*(-87)/(-9) + -4.
20
Let q(p) = -p**3 - 8*p**2 + 7*p + 5. What is the remainder when q(-9) is divided by 8?
7
Suppose 0 = -0*o - 2*o + 50. Let j(c) = -5*c - 18. Calculate the remainder when j(-18) is divided by o.
22
Let x(r) = 4*r + 6*r - r - r + r**2 - 9. Calculate the remainder when x(-12) is divided by 20.
19
Suppose 5*i + m = 0, -2*m - 28 = -3*i + 3*m. Suppose i - 2 = -u, -2*f = 5*u - 29. Calculate the remainder when f is divided by -2*((-5)/(-2))/(-1).
2
Suppose -g - 59 = -87. Calculate the remainder when 79 is divided by g.
23
Let a = 0 + 0. Let g be (-26 + 6)/((-2)/(-3)). Calculate the remainder when 35 is divided by g/(-3) - (-2 - a).
11
Suppose 335 = 4*x - 57. What is the remainder when x is divided by 10?
8
Let m = 1 + 2. Suppose -2*p + 5 = -5, m*f = -4*p + 35. Suppose -2*s + 10 = 0, -4*d - 17 + 92 = -f*s. Calculate the remainder when d is divided by 9.
7
Suppose 5*h = 9 - 4. Let o = -28 + 39. What is the remainder when 1 + (16 - -3) + h is divided by o?
10
What is the remainder when 9 is divided by 5/15*0 - -2?
1
Let t = 4 - 4. Let a be t/((-6)/(-3)*-1). Suppose -2*k = -a*k - 14. What is the remainder when k is divided by 4?
3
Let s(j) = -j - 5. Let i be s(-5). Suppose i*x - 45 = -5*x. Suppose 5*w - 88 = q, w + 5*q - x = 19. Calculate the remainder when 52 is divided by w.
16
Let j(k) be the third derivative of -k**6/120 - k**5/10 + k**4/4 - 5*k**3/6 + 2*k**2. What is the remainder when 6 is divided by j(-7)?
0
Suppose 0*k + 5*i - 82 = -k, 4*k - 2*i - 262 = 0. Calculate the remainder when k is divided by 35.
32
Let u be (10/(-4))/((-1)/2). Suppose -u*a + 8 = -a. Suppose k - 27 = -3*v, -a*k + v = -0*v - 19. Calculate the remainder when 35 is divided by k.
11
Suppose -3*f = 12, -7*f + 4*f = 5*y - 13. Suppose 25 = 4*h - 5*d, -d + 22 = y*h + 2*d. Calculate the remainder when 14 is divided by h.
4
Suppose -5*l + 340 = -3*z - 2*z, 0 = -2*l + 3*z + 135. What is the remainder when l is divided by 18?
15
Calculate the remainder when 78 is divided by (-3*1/1)/(36/(-492)).
37
Suppose 35 = 5*x + 2*h, 5*x - 12 - 33 = -4*h. Suppose 0 = -x*f - 4*z + 16 + 14, -4*z = f - 6. Calculate the remainder when 23 is divided by f.
5
Suppose n + 3 + 0 = 0. Let w = n - -8. Let z(j) = 4*j - 21. What is the remainder when z(7) is divided by w?
2
Let l(j) = -j**3 - j**2 + j + 2. What is the remainder when 31 is divided by l(-3)?
14
Let k = 9 - 6. Let d(h) = 5*h**3 - h**3 + k - 3*h**3. What is the remainder when 5 is divided by d(0)?
2
Let b = -65 - -124. What is the remainder when b is divided by 20?
19
Suppose -5*y + 86 = 1. What is the remainder when y is divided by 5?
2
Let t be (2/5)/(7/35). Suppose 2*i + 3*o - 87 = -0*o, 0 = t*i - 5*o - 63. What is the remainder when i is divided by 10?
9
Let t(v) be the first derivative of 2*v**3/3 - v**2 - 5*v - 9. Calculate the remainder when 74 is divided by t(4).
17
Suppose 4*h + 3*a = 105, -4*a + 132 = -0*h + 5*h. Suppose 0 = s - 5*d - h, 0*s + 2*s + 5*d - 33 = 0. What is the remainder when 37 is divided by s?
18
Let i(h) = -4*h + 6. Let k = 2 - -6. What is the remainder when i(-4) is divided by k?
6
Let c(s) = 2*s**2 - 4*s + 11. What is the remainder when c(-6) is divided by 212/6 - 2/(-3)?
35
Suppose -3*w + 6*w = 0. Suppose 4*l - n - 88 = w,